 and 323?
19
Let f(q) = -q**2 + 13*q - 15. Let s be f(15). Let r be (s/(-18) + (1 - 0))*6. What is the greatest common factor of 168 and r?
21
Let s = 28 - 39. Let i = -5 - s. Suppose -14 = -2*o - i. Calculate the highest common factor of 32 and o.
4
Suppose 7*l + 53 - 221 = 0. What is the greatest common factor of 16 and l?
8
Let h be 14/21*(-2 - (-3027)/6). What is the greatest common divisor of h and 5?
5
Let r be 28/8*(22/1 + 2). Calculate the greatest common factor of r and 105.
21
Let u(b) = b**2 - 5*b + 2. Let s be u(6). Let z be 20/50 + (-2385)/25. Let f = -91 - z. What is the greatest common divisor of s and f?
4
Suppose -49*a = 170 - 954. Let b be 450/4 - (-1)/(-2). What is the greatest common factor of a and b?
16
Let r(i) = 2*i**2 - 9*i + 12. Let y be r(2). Suppose -y*v + 7*v = 20. What is the greatest common divisor of 44 and v?
4
Suppose 3*v = -5*c + 82 + 138, -3*c = -5*v + 344. Suppose m - 14 = -y + 5*m, y + 4*m - 6 = 0. What is the highest common factor of y and v?
10
Suppose -2*x = -5*x. Let q = -24 - -29. Suppose 4*y + 3*l - 119 = x, 3*l + q + 4 = 0. Calculate the greatest common divisor of 224 and y.
32
Let d(c) = c**2 - 36*c - 66. Let m be d(44). What is the greatest common divisor of m and 117?
13
Let c(p) = -p**3 + 9*p**2 + 10*p + 3. Let v be c(10). Suppose -6*a + 462 = -v*a. What is the greatest common factor of 22 and a?
22
Suppose 0 = 10*y - 6*y + 4. Let g be -4 - y - 2*-95. What is the greatest common factor of g and 17?
17
Suppose -1679 = -55*k - 29. Calculate the greatest common factor of k and 2490.
30
Suppose 0 = -5*n + 8*n - 33. Let r = n - 12. Let m = r + 11. What is the highest common factor of m and 20?
10
Let w = 19 + 1. Let p be (96/10)/(4/w). What is the greatest common divisor of 12 and p?
12
Let s(x) = x**3 - 9*x**2 - 9*x + 10. Let y be s(10). What is the greatest common factor of 40 and y?
20
Suppose 0 = -2*y + 2*g + 26 + 44, -172 = -5*y + 2*g. What is the greatest common factor of y and 136?
34
Let l be (4/(-6))/(4/(-102)). Let a(z) = -2*z - 19. Let x be a(-18). Calculate the greatest common factor of l and x.
17
Suppose g = 5*l + 419, 67 = -4*l + 3*l - 4*g. Let q = l + 318. Calculate the highest common factor of q and 94.
47
Let w be (-11358)/(-8) - 3/(-12). What is the highest common divisor of w and 20?
20
Let f = -194 - -222. Calculate the highest common divisor of f and 98.
14
Suppose -2 = -w - 5. Let a be (0 - w)*1 - 1. Let v be (-75)/2*a/(-3). What is the highest common divisor of 5 and v?
5
Let h be 20*(39/12 + 0). Suppose 2*o + 26 = 4*o. What is the greatest common divisor of o and h?
13
Let k be 2/6*6 - -20. Let i be (k/6)/((-2)/(-18)). Suppose 0 = -0*f + 4*f - 44. Calculate the greatest common divisor of f and i.
11
Let q = 11 + 14. Let b(m) = m**2 + 5*m + 1. Let p be b(-7). Suppose -40 = -o - p. Calculate the highest common factor of q and o.
25
Let c(q) be the second derivative of -8*q**3/3 - 23*q**2/2 - 10*q - 1. Let b be c(-3). What is the greatest common divisor of b and 200?
25
Let n(t) = -2*t - 3. Let r be 22/(-8) + 1/(-4). Let c be n(r). Suppose 138*v - 420 = 110*v. Calculate the highest common factor of c and v.
3
Suppose 37 = 4*t - 3. Suppose 3*z + 47 - t = -5*u, z - u - 1 = 0. Let l be z*6*-2*1. Calculate the highest common factor of 120 and l.
24
Suppose 0 = 73*w - 76*w + 6. Suppose 0 = -5*o + w + 3. What is the highest common factor of o and 2?
1
Let b = 92 + -77. Calculate the greatest common divisor of 375 and b.
15
Suppose -2*h = 4, 582 = 4*n - 4*h + h. What is the highest common divisor of n and 18?
18
Let k(s) = s**2 - 14*s + 40. Let p be k(16). Calculate the greatest common divisor of p and 16.
8
Let g(k) = -2*k**3 - 23*k**2 - 5*k - 15. Let w be g(-12). Calculate the highest common factor of w and 7.
7
Suppose 2*b + 27*d - 10 = 28*d, -3*b - 3*d + 15 = 0. Calculate the greatest common factor of b and 695.
5
Let j be 2/(-13) - (-186)/26. Suppose 4*w = -5*p + 4, -2*p = 5*w - j*p - 5. What is the highest common factor of w and 2?
1
Let f be ((-3)/(-6))/(3/24). Suppose 3*m - 5*o - 13 = m, -f*m + 3*o + 61 = 0. Let l = -17 + m. What is the greatest common divisor of 2 and l?
2
Let l = -518 + 574. What is the highest common divisor of 42 and l?
14
Let k(j) = -5*j**3 - j**2 - 4*j - 41. Let c be k(-4). Suppose -o - 2 = 0, 5*g - 4*o - 46 - 7 = 0. What is the highest common factor of g and c?
9
Let w(c) = -c. Let m be w(-3). Suppose 10 = 5*g, g + 10 - m = 3*i. Suppose 62 = -5*f + 197. What is the greatest common divisor of i and f?
3
Let f(n) = -4*n**2 - 60*n + 13. Let k be f(-15). What is the highest common factor of k and 533?
13
Let v = -37 - -85. Let s(f) = 5*f - 1. Let h be s(1). Suppose m + h*m - 80 = 0. What is the greatest common divisor of m and v?
16
Let d(j) = 17*j**2 + 3*j - 1. Let w be d(4). Let s = w - 107. What is the highest common factor of 16 and s?
16
Let h(z) = z**3 - 4*z**2 + 3*z + 2. Let m be h(3). Suppose 2*q = 5*q, m*k + 2*q - 80 = 0. What is the greatest common factor of 10 and k?
10
Let a = -482 + 492. Calculate the highest common factor of 310 and a.
10
Let k be 28/35 - (-6)/5. Suppose p - k = -0*p. Let z(q) = 14*q**2 - 2*q - 2. Let y be z(p). Calculate the greatest common divisor of 10 and y.
10
Let v = -493 + 511. Suppose 3*i + z = 275, -2*i + 3*z + 255 = i. Calculate the greatest common divisor of i and v.
18
Let f(o) = 2*o**3 + 16*o**2 - 8. Let v be f(-4). What is the highest common factor of v and 60?
60
Let u(g) = -15*g - 55. Let a be u(-5). Calculate the highest common divisor of 10 and a.
10
Let x be 5584/30 - 18/135. What is the greatest common factor of x and 12?
6
Let p(x) = -x**3 - 2*x**2 + 2*x + 4. Let u be p(-4). Let k be 4472/1144 + (-1)/(-11). Calculate the highest common factor of k and u.
4
Let b = 995 - 869. Calculate the greatest common factor of b and 112.
14
Let y be 16/12 - 4/18*-183. Calculate the highest common factor of 56 and y.
14
Suppose -4*o = -165 - 11. Let r be (2/(-1) - o)*-1. What is the highest common divisor of 161 and r?
23
Let h = 1 + 10. Suppose 0*c - h = -f - 3*c, 5*f = -5*c + 35. What is the greatest common factor of 35 and f?
5
Let q = -9 - -17. Let x(m) = m**2 + 35*m + 214. Let r be x(-30). Calculate the greatest common divisor of r and q.
8
Let m be (-92)/(-12) - (-2)/(-3). Suppose m = 3*d - 8. Let c = 10 - 0. Calculate the greatest common divisor of d and c.
5
Let k = 84 - 68. Calculate the greatest common divisor of 208 and k.
16
Let m be (1 + -3 - 22) + 3. Let p be (7/m)/((-2)/312). Suppose 2*o = -2*n - n + 13, n = -5*o + p. Calculate the greatest common divisor of o and 88.
11
Suppose 3*x - 904 = 731. Suppose 165 = -5*k - x. Let p = -72 - k. What is the highest common divisor of 35 and p?
35
Let l be (-28)/63 + (-620)/(-18). What is the highest common factor of 1054 and l?
34
Suppose -3510 = 51*a - 57*a. What is the highest common factor of a and 45?
45
Suppose -4*a + 1523 = -3*p, -115*a + 118*a + 5*p - 1135 = 0. What is the greatest common factor of 20 and a?
20
Let g(u) = u**3 - u**2 + 14*u + 1. Let s be g(-4). Let r be (-31)/((-9)/s + (-4)/10). Calculate the highest common divisor of 62 and r.
31
Let v be (-6 + -90)*(-3 - -2). Let a = -155 + 187. What is the highest common divisor of a and v?
32
Let j be (-140)/42*(-2 - -5). Let w be j/1*42/(-35). Calculate the greatest common divisor of w and 96.
12
Suppose -1052 = -2*v - 3*u, 4*v - 2088 = 7*u - 9*u. Calculate the greatest common divisor of 40 and v.
40
Let d be (-1 - -1 - 5) + -2. Let q be (-114)/(-1) + -4 + (d - -7). Calculate the greatest common divisor of 20 and q.
10
Let v(w) = -w**2 - 3*w + 23. Let f be v(-6). Suppose -2*p + f = -3*p, -5*r - 3*p - 10 = 0. Calculate the highest common factor of 3 and r.
1
Let h(a) = a**3 - 14*a**2 + 12*a + 28. Let r be h(13). What is the highest common divisor of r and 115?
5
Let d(n) = 2*n - 10. Let o be d(-3). Let f = 34 + o. Let p be 1/(-2) - (-145)/2. What is the greatest common divisor of p and f?
18
Let y(w) = 4*w**2 - 22*w + 11. Let a be y(5). Let n be (-171)/(-33) - 2/11. What is the highest common divisor of a and n?
1
Let r(z) = z**3 + 6*z**2 + 8*z + 1. Let f be r(-3). Suppose -20*x + 60 = -15*x. Calculate the highest common factor of x and f.
4
Let f(l) = l**3 + 3*l**2 - l + 2. Let a be f(-3). Suppose 5 